[INFO] cloning repository https://github.com/jeffreyrosenbluth/nannou-sketches
[INFO] running `Command { std: "git" "-c" "credential.helper=" "-c" "credential.helper=/workspace/cargo-home/bin/git-credential-null" "clone" "--bare" "https://github.com/jeffreyrosenbluth/nannou-sketches" "/workspace/cache/git-repos/https%3A%2F%2Fgithub.com%2Fjeffreyrosenbluth%2Fnannou-sketches", kill_on_drop: false }`
[INFO] [stderr] Cloning into bare repository '/workspace/cache/git-repos/https%3A%2F%2Fgithub.com%2Fjeffreyrosenbluth%2Fnannou-sketches'...
[INFO] running `Command { std: "git" "rev-parse" "HEAD", kill_on_drop: false }`
[INFO] [stdout] a429d85db0c239ab3d04bffb9cbc6be1c93241d8
[INFO] checking jeffreyrosenbluth/nannou-sketches against master#af3c6e733a40e671550e0f0f5aeecaa13772ba56 for pr-74989
[INFO] running `Command { std: "git" "clone" "/workspace/cache/git-repos/https%3A%2F%2Fgithub.com%2Fjeffreyrosenbluth%2Fnannou-sketches" "/workspace/builds/worker-9/source", kill_on_drop: false }`
[INFO] [stderr] Cloning into '/workspace/builds/worker-9/source'...
[INFO] [stderr] done.
[INFO] validating manifest of git repo https://github.com/jeffreyrosenbluth/nannou-sketches on toolchain af3c6e733a40e671550e0f0f5aeecaa13772ba56
[INFO] running `Command { std: "/workspace/cargo-home/bin/cargo" "+af3c6e733a40e671550e0f0f5aeecaa13772ba56" "read-manifest" "--manifest-path" "Cargo.toml", kill_on_drop: false }`
[INFO] started tweaking git repo https://github.com/jeffreyrosenbluth/nannou-sketches
[INFO] removed 0 missing examples
[INFO] finished tweaking git repo https://github.com/jeffreyrosenbluth/nannou-sketches
[INFO] tweaked toml for git repo https://github.com/jeffreyrosenbluth/nannou-sketches written to /workspace/builds/worker-9/source/Cargo.toml
[INFO] crate git repo https://github.com/jeffreyrosenbluth/nannou-sketches already has a lockfile, it will not be regenerated
[INFO] running `Command { std: "/workspace/cargo-home/bin/cargo" "+af3c6e733a40e671550e0f0f5aeecaa13772ba56" "fetch" "--locked" "--manifest-path" "Cargo.toml", kill_on_drop: false }`
[INFO] [stderr]     Blocking waiting for file lock on package cache
[INFO] running `Command { std: "docker" "create" "-v" "/var/lib/crater-agent-workspace/builds/worker-9/target:/opt/rustwide/target:rw,Z" "-v" "/var/lib/crater-agent-workspace/builds/worker-9/source:/opt/rustwide/workdir:ro,Z" "-v" "/var/lib/crater-agent-workspace/cargo-home:/opt/rustwide/cargo-home:ro,Z" "-v" "/var/lib/crater-agent-workspace/rustup-home:/opt/rustwide/rustup-home:ro,Z" "-e" "SOURCE_DIR=/opt/rustwide/workdir" "-e" "CARGO_TARGET_DIR=/opt/rustwide/target" "-e" "CARGO_HOME=/opt/rustwide/cargo-home" "-e" "RUSTUP_HOME=/opt/rustwide/rustup-home" "-w" "/opt/rustwide/workdir" "-m" "1610612736" "--user" "0:0" "--network" "none" "rustops/crates-build-env@sha256:d92eaeed33fa75130ca1ee6c8a01d1ffb62bac859dfdfb3450e3e5d1c0146529" "/opt/rustwide/cargo-home/bin/cargo" "+af3c6e733a40e671550e0f0f5aeecaa13772ba56" "metadata" "--no-deps" "--format-version=1", kill_on_drop: false }`
[INFO] [stdout] e1f0bed6be0aa1100fbba3e6de6c8477004e64d0808bb5e3a72cc63686dccebc
[INFO] [stderr] WARNING: Your kernel does not support swap limit capabilities or the cgroup is not mounted. Memory limited without swap.
[INFO] running `Command { std: "docker" "start" "-a" "e1f0bed6be0aa1100fbba3e6de6c8477004e64d0808bb5e3a72cc63686dccebc", kill_on_drop: false }`
[INFO] running `Command { std: "docker" "inspect" "e1f0bed6be0aa1100fbba3e6de6c8477004e64d0808bb5e3a72cc63686dccebc", kill_on_drop: false }`
[INFO] running `Command { std: "docker" "rm" "-f" "e1f0bed6be0aa1100fbba3e6de6c8477004e64d0808bb5e3a72cc63686dccebc", kill_on_drop: false }`
[INFO] [stdout] e1f0bed6be0aa1100fbba3e6de6c8477004e64d0808bb5e3a72cc63686dccebc
[INFO] running `Command { std: "docker" "create" "-v" "/var/lib/crater-agent-workspace/builds/worker-9/target:/opt/rustwide/target:rw,Z" "-v" "/var/lib/crater-agent-workspace/builds/worker-9/source:/opt/rustwide/workdir:ro,Z" "-v" "/var/lib/crater-agent-workspace/cargo-home:/opt/rustwide/cargo-home:ro,Z" "-v" "/var/lib/crater-agent-workspace/rustup-home:/opt/rustwide/rustup-home:ro,Z" "-e" "SOURCE_DIR=/opt/rustwide/workdir" "-e" "CARGO_TARGET_DIR=/opt/rustwide/target" "-e" "CARGO_INCREMENTAL=0" "-e" "RUST_BACKTRACE=full" "-e" "RUSTFLAGS=--cap-lints=forbid" "-e" "CARGO_HOME=/opt/rustwide/cargo-home" "-e" "RUSTUP_HOME=/opt/rustwide/rustup-home" "-w" "/opt/rustwide/workdir" "-m" "1610612736" "--user" "0:0" "--network" "none" "rustops/crates-build-env@sha256:d92eaeed33fa75130ca1ee6c8a01d1ffb62bac859dfdfb3450e3e5d1c0146529" "/opt/rustwide/cargo-home/bin/cargo" "+af3c6e733a40e671550e0f0f5aeecaa13772ba56" "check" "--frozen" "--all" "--all-targets" "--message-format=json", kill_on_drop: false }`
[INFO] [stdout] e820920755573cf7ffe7f539925127735d2518f3eb65745474f0a92d7217d8c5
[INFO] [stderr] WARNING: Your kernel does not support swap limit capabilities or the cgroup is not mounted. Memory limited without swap.
[INFO] running `Command { std: "docker" "start" "-a" "e820920755573cf7ffe7f539925127735d2518f3eb65745474f0a92d7217d8c5", kill_on_drop: false }`
[INFO] [stderr]     Blocking waiting for file lock on package cache
[INFO] [stderr]    Compiling libc v0.2.69
[INFO] [stderr]    Compiling autocfg v1.0.0
[INFO] [stderr]     Checking cfg-if v0.1.10
[INFO] [stderr]    Compiling maybe-uninit v2.0.0
[INFO] [stderr]     Checking lazy_static v1.4.0
[INFO] [stderr]    Compiling bitflags v1.2.1
[INFO] [stderr]    Compiling proc-macro2 v0.4.30
[INFO] [stderr]    Compiling log v0.4.8
[INFO] [stderr]    Compiling unicode-xid v0.1.0
[INFO] [stderr]    Compiling getrandom v0.1.14
[INFO] [stderr]    Compiling proc-macro2 v1.0.12
[INFO] [stderr]    Compiling cc v1.0.52
[INFO] [stderr]     Checking slab v0.4.2
[INFO] [stderr]    Compiling unicode-xid v0.2.0
[INFO] [stderr]    Compiling syn v1.0.18
[INFO] [stderr]    Compiling xml-rs v0.8.3
[INFO] [stderr]    Compiling nix v0.14.1
[INFO] [stderr]     Checking rand_core v0.4.2
[INFO] [stderr]    Compiling semver-parser v0.7.0
[INFO] [stderr]    Compiling pkg-config v0.3.17
[INFO] [stderr]     Checking adler32 v1.0.4
[INFO] [stderr]    Compiling autocfg v0.1.7
[INFO] [stderr]     Checking lazycell v1.2.1
[INFO] [stderr]     Checking linked-hash-map v0.5.2
[INFO] [stderr]     Checking rustc-hash v1.1.0
[INFO] [stderr]     Checking same-file v1.0.6
[INFO] [stderr]     Checking downcast-rs v1.1.1
[INFO] [stderr]    Compiling serde v1.0.106
[INFO] [stderr]    Compiling ppv-lite86 v0.2.6
[INFO] [stderr]    Compiling rayon-core v1.7.0
[INFO] [stderr]     Checking xdg v2.2.0
[INFO] [stderr]    Compiling syn v0.15.44
[INFO] [stderr]     Checking nodrop v0.1.14
[INFO] [stderr]     Checking lzw v0.10.0
[INFO] [stderr]    Compiling siphasher v0.3.3
[INFO] [stderr]     Checking fixedbitset v0.1.9
[INFO] [stderr]     Checking color_quant v1.0.1
[INFO] [stderr]     Checking either v1.5.3
[INFO] [stderr]     Checking arrayvec v0.5.1
[INFO] [stderr]     Checking piston-float v0.3.0
[INFO] [stderr]     Checking colorful v0.2.1
[INFO] [stderr]    Compiling crc32fast v1.2.0
[INFO] [stderr]     Checking smallvec v1.4.0
[INFO] [stderr]     Checking instant v0.1.3
[INFO] [stderr]     Checking scoped_threadpool v0.1.9
[INFO] [stderr]    Compiling ryu v1.0.4
[INFO] [stderr]     Checking vec_map v0.8.1
[INFO] [stderr]     Checking copyless v0.1.4
[INFO] [stderr]    Compiling cgmath v0.17.0
[INFO] [stderr]     Checking bytemuck v1.2.0
[INFO] [stderr]     Checking itoa v0.4.5
[INFO] [stderr]     Checking conrod_winit v0.69.0
[INFO] [stderr]     Checking find_folder v0.3.0
[INFO] [stderr]     Checking notosans v0.1.0
[INFO] [stderr]     Checking primes v0.3.0
[INFO] [stderr]    Compiling semver v0.9.0
[INFO] [stderr]     Checking rand_core v0.3.1
[INFO] [stderr]     Checking rand_jitter v0.1.4
[INFO] [stderr]     Checking inflate v0.3.4
[INFO] [stderr]     Checking inflate v0.4.5
[INFO] [stderr]     Checking miniz_oxide v0.3.6
[INFO] [stderr]     Checking walkdir v2.3.1
[INFO] [stderr]    Compiling num-traits v0.2.11
[INFO] [stderr]    Compiling crossbeam-utils v0.7.2
[INFO] [stderr]    Compiling memoffset v0.5.4
[INFO] [stderr]    Compiling crossbeam-epoch v0.8.2
[INFO] [stderr]    Compiling num-integer v0.1.42
[INFO] [stderr]    Compiling num-iter v0.1.40
[INFO] [stderr]    Compiling num-bigint v0.2.6
[INFO] [stderr]    Compiling num-rational v0.2.4
[INFO] [stderr]    Compiling num-complex v0.2.4
[INFO] [stderr]     Checking hibitset v0.6.3
[INFO] [stderr]    Compiling phf_shared v0.8.0
[INFO] [stderr]     Checking petgraph v0.4.13
[INFO] [stderr]     Checking piston-viewport v0.5.0
[INFO] [stderr]     Checking gif v0.9.2
[INFO] [stderr]     Checking gif v0.10.3
[INFO] [stderr]    Compiling rand_pcg v0.1.2
[INFO] [stderr]    Compiling rand_chacha v0.1.1
[INFO] [stderr]    Compiling rand v0.6.5
[INFO] [stderr]     Checking rand_hc v0.1.0
[INFO] [stderr]     Checking rand_isaac v0.1.1
[INFO] [stderr]     Checking rand_xorshift v0.1.1
[INFO] [stderr]     Checking arrayvec v0.4.12
[INFO] [stderr]    Compiling x11 v2.18.2
[INFO] [stderr]    Compiling x11-dl v2.18.5
[INFO] [stderr]    Compiling rustc_version v0.2.3
[INFO] [stderr]     Checking stb_truetype v0.3.1
[INFO] [stderr]     Checking fxhash v0.2.1
[INFO] [stderr]     Checking deflate v0.7.20
[INFO] [stderr]     Checking deflate v0.8.4
[INFO] [stderr]     Checking tiff v0.4.0
[INFO] [stderr]     Checking phf v0.8.0
[INFO] [stderr]     Checking relevant v0.4.2
[INFO] [stderr]     Checking smallvec v0.6.13
[INFO] [stderr]    Compiling xcb v0.9.0
[INFO] [stderr]    Compiling libloading v0.5.2
[INFO] [stderr]    Compiling parking_lot_core v0.6.2
[INFO] [stderr]    Compiling parking_lot v0.9.0
[INFO] [stderr]    Compiling quote v1.0.4
[INFO] [stderr]    Compiling quote v0.6.13
[INFO] [stderr]     Checking num_cpus v1.13.0
[INFO] [stderr]     Checking iovec v0.1.4
[INFO] [stderr]     Checking net2 v0.2.34
[INFO] [stderr]     Checking raw-window-handle v0.3.3
[INFO] [stderr]     Checking memmap v0.7.0
[INFO] [stderr]     Checking shared_library v0.1.9
[INFO] [stderr]     Checking rand_os v0.1.3
[INFO] [stderr]     Checking parking_lot_core v0.7.2
[INFO] [stderr]     Checking rand v0.5.6
[INFO] [stderr]     Checking daggy v0.5.0
[INFO] [stderr]     Checking daggy v0.6.0
[INFO] [stderr]    Compiling rand_core v0.5.1
[INFO] [stderr]     Checking png v0.16.3
[INFO] [stderr]     Checking crossbeam-queue v0.2.1
[INFO] [stderr]    Compiling wayland-scanner v0.23.6
[INFO] [stderr]     Checking threadpool v1.8.0
[INFO] [stderr]     Checking gfx-hal v0.4.1
[INFO] [stderr]     Checking ash v0.29.0
[INFO] [stderr]     Checking mio v0.6.22
[INFO] [stderr]     Checking parking_lot v0.10.2
[INFO] [stderr]    Compiling rand_chacha v0.2.2
[INFO] [stderr]    Compiling rand_pcg v0.2.1
[INFO] [stderr]     Checking approx v0.3.2
[INFO] [stderr]     Checking ordered-float v1.0.2
[INFO] [stderr]     Checking line_drawing v0.7.0
[INFO] [stderr]     Checking num-traits v0.1.43
[INFO] [stderr]     Checking euclid v0.20.10
[INFO] [stderr]     Checking pennereq v0.3.1
[INFO] [stderr]     Checking crossbeam-deque v0.7.3
[INFO] [stderr]     Checking mio-extras v2.0.6
[INFO] [stderr]     Checking dlib v0.4.1
[INFO] [stderr]    Compiling rand v0.7.3
[INFO] [stderr]     Checking sid v0.5.2
[INFO] [stderr]     Checking enum_primitive v0.1.1
[INFO] [stderr]     Checking num-rational v0.1.42
[INFO] [stderr]     Checking rusttype v0.8.3
[INFO] [stderr]     Checking wayland-sys v0.23.6
[INFO] [stderr]     Checking png v0.11.0
[INFO] [stderr]     Checking lyon_geom v0.14.1
[INFO] [stderr]     Checking rayon v1.3.0
[INFO] [stderr]     Checking rusttype v0.7.9
[INFO] [stderr]     Checking andrew v0.2.1
[INFO] [stderr]    Compiling wayland-client v0.23.6
[INFO] [stderr]    Compiling wayland-protocols v0.23.6
[INFO] [stderr]     Checking lyon_path v0.14.0
[INFO] [stderr]    Compiling phf_generator v0.8.0
[INFO] [stderr]    Compiling phf_codegen v0.8.0
[INFO] [stderr]     Checking lyon_algorithms v0.14.0
[INFO] [stderr]     Checking lyon_tessellation v0.14.2
[INFO] [stderr]    Compiling palette v0.5.0
[INFO] [stderr]     Checking calloop v0.4.4
[INFO] [stderr]     Checking wayland-commons v0.23.6
[INFO] [stderr]     Checking num v0.2.1
[INFO] [stderr]    Compiling synstructure v0.10.2
[INFO] [stderr]     Checking lyon v0.14.2
[INFO] [stderr]     Checking rendy-memory v0.5.2
[INFO] [stderr]     Checking gfx-backend-empty v0.4.0
[INFO] [stderr]     Checking rendy-descriptor v0.5.1
[INFO] [stderr]    Compiling zerocopy-derive v0.1.4
[INFO] [stderr]     Checking jpeg-decoder v0.1.19
[INFO] [stderr]     Checking image v0.18.0
[INFO] [stderr]     Checking image v0.23.4
[INFO] [stderr]     Checking zerocopy v0.2.8
[INFO] [stderr]     Checking x11-clipboard v0.5.1
[INFO] [stderr]     Checking noise v0.6.0
[INFO] [stderr]    Compiling serde_derive v1.0.106
[INFO] [stderr]    Compiling conrod_derive v0.69.0
[INFO] [stderr]    Compiling palette_derive v0.5.0
[INFO] [stderr]     Checking smithay-client-toolkit v0.6.6
[INFO] [stderr]     Checking gfx-backend-vulkan v0.4.3
[INFO] [stderr]     Checking smithay-clipboard v0.4.0
[INFO] [stderr]     Checking winit v0.21.0
[INFO] [stderr]     Checking copypasta v0.6.3
[INFO] [stderr]     Checking wgpu-native v0.4.3
[INFO] [stderr]     Checking wgpu v0.4.0
[INFO] [stderr]     Checking pistoncore-input v0.24.0
[INFO] [stderr]     Checking serde_json v1.0.52
[INFO] [stderr]     Checking toml v0.5.6
[INFO] [stderr]     Checking conrod_core v0.69.0
[INFO] [stderr]     Checking conrod_wgpu v0.69.0
[INFO] [stderr]     Checking nannou v0.13.1
[INFO] [stderr]     Checking sketches v0.1.0 (/opt/rustwide/workdir)
[INFO] [stdout] warning: unused import: `sketches::captured_frame_path`
[INFO] [stdout]  --> examples/rings.rs:3:5
[INFO] [stdout]   |
[INFO] [stdout] 3 | use sketches::captured_frame_path;
[INFO] [stdout]   |     ^^^^^^^^^^^^^^^^^^^^^^^^^^^^^
[INFO] [stdout]   |
[INFO] [stdout]   = note: `#[warn(unused_imports)]` on by default
[INFO] [stdout] 
[INFO] [stdout] 
[INFO] [stdout] warning: unused import: `captured_frame_path`
[INFO] [stdout]  --> examples/reveal.rs:3:30
[INFO] [stdout]   |
[INFO] [stdout] 3 | use sketches::{with_opacity, captured_frame_path};
[INFO] [stdout]   |                              ^^^^^^^^^^^^^^^^^^^
[INFO] [stdout]   |
[INFO] [stdout]   = note: `#[warn(unused_imports)]` on by default
[INFO] [stdout] 
[INFO] [stdout] 
[INFO] [stdout] warning: unused import: `nannou::ease::cubic::ease_in_out`
[INFO] [stdout]  --> examples/template.rs:1:5
[INFO] [stdout]   |
[INFO] [stdout] 1 | use nannou::ease::cubic::ease_in_out;
[INFO] [stdout]   |     ^^^^^^^^^^^^^^^^^^^^^^^^^^^^^^^^
[INFO] [stdout]   |
[INFO] [stdout]   = note: `#[warn(unused_imports)]` on by default
[INFO] [stdout] 
[INFO] [stdout] 
[INFO] [stdout] warning: unused variable: `app`
[INFO] [stdout]  --> examples/template.rs:8:11
[INFO] [stdout]   |
[INFO] [stdout] 8 | fn update(app: &App, m: &mut Model, _update: Update) {
[INFO] [stdout]   |           ^^^ help: if this is intentional, prefix it with an underscore: `_app`
[INFO] [stdout]   |
[INFO] [stdout]   = note: `#[warn(unused_variables)]` on by default
[INFO] [stdout] 
[INFO] [stdout] 
[INFO] [stdout] warning: unused variable: `m`
[INFO] [stdout]  --> examples/template.rs:8:22
[INFO] [stdout]   |
[INFO] [stdout] 8 | fn update(app: &App, m: &mut Model, _update: Update) {
[INFO] [stdout]   |                      ^ help: if this is intentional, prefix it with an underscore: `_m`
[INFO] [stdout] 
[INFO] [stdout] 
[INFO] [stdout] warning: unused variable: `m`
[INFO] [stdout]   --> examples/template.rs:20:20
[INFO] [stdout]    |
[INFO] [stdout] 20 | fn view(app: &App, m: &Model, frame: Frame) {
[INFO] [stdout]    |                    ^ help: if this is intentional, prefix it with an underscore: `_m`
[INFO] [stdout] 
[INFO] [stdout] 
[INFO] [stdout] warning: 4 warnings emitted
[INFO] [stdout] 
[INFO] [stdout] 
[INFO] [stdout] error[E0412]: cannot find type `Draw` in this scope
[INFO] [stdout]   --> examples/dolphin.rs:50:22
[INFO] [stdout]    |
[INFO] [stdout] 50 | fn circles<C>(draw: &Draw, angle: f32, c: C, s: f32)
[INFO] [stdout]    |                      ^^^^ not found in this scope
[INFO] [stdout]    |
[INFO] [stdout] help: consider importing one of these items
[INFO] [stdout]    |
[INFO] [stdout] 1  | use crate::app::Draw;
[INFO] [stdout]    |
[INFO] [stdout] 1  | use nannou::Draw;
[INFO] [stdout]    |
[INFO] [stdout] 1  | use nannou::app::Draw;
[INFO] [stdout]    |
[INFO] [stdout] 1  | use nannou::draw::properties::Draw;
[INFO] [stdout]    |
[INFO] [stdout] 
[INFO] [stdout] 
[INFO] [stdout] error[E0412]: cannot find type `Draw` in this scope
[INFO] [stdout]   --> examples/dolphin.rs:72:16
[INFO] [stdout]    |
[INFO] [stdout] 72 | fn grid(draw: &Draw) {
[INFO] [stdout]    |                ^^^^ not found in this scope
[INFO] [stdout]    |
[INFO] [stdout] help: consider importing one of these items
[INFO] [stdout]    |
[INFO] [stdout] 1  | use crate::app::Draw;
[INFO] [stdout]    |
[INFO] [stdout] 1  | use nannou::Draw;
[INFO] [stdout]    |
[INFO] [stdout] 1  | use nannou::app::Draw;
[INFO] [stdout]    |
[INFO] [stdout] 1  | use nannou::draw::properties::Draw;
[INFO] [stdout]    |
[INFO] [stdout] 
[INFO] [stdout] 
[INFO] [stdout] warning: unused import: `sketches::captured_frame_path`
[INFO] [stdout]  --> examples/dolphin.rs:4:5
[INFO] [stdout]   |
[INFO] [stdout] 4 | use sketches::captured_frame_path;
[INFO] [stdout]   |     ^^^^^^^^^^^^^^^^^^^^^^^^^^^^^
[INFO] [stdout]   |
[INFO] [stdout]   = note: `#[warn(unused_imports)]` on by default
[INFO] [stdout] 
[INFO] [stdout] 
[INFO] [stdout] error[E0412]: cannot find type `Draw` in this scope
[INFO] [stdout]   --> examples/kaleidoscope.rs:65:30
[INFO] [stdout]    |
[INFO] [stdout] 65 |     fn display(&self, draw: &Draw) {
[INFO] [stdout]    |                              ^^^^ not found in this scope
[INFO] [stdout]    |
[INFO] [stdout] help: consider importing one of these items
[INFO] [stdout]    |
[INFO] [stdout] 1  | use crate::app::Draw;
[INFO] [stdout]    |
[INFO] [stdout] 1  | use nannou::Draw;
[INFO] [stdout]    |
[INFO] [stdout] 1  | use nannou::app::Draw;
[INFO] [stdout]    |
[INFO] [stdout] 1  | use nannou::draw::properties::Draw;
[INFO] [stdout]    |
[INFO] [stdout] 
[INFO] [stdout] 
[INFO] [stdout] error[E0412]: cannot find type `Draw` in this scope
[INFO] [stdout]   --> examples/pendulum.rs:57:18
[INFO] [stdout]    |
[INFO] [stdout] 57 | fn stripe(draw: &Draw, x: f32, w: f32, h: f32) {
[INFO] [stdout]    |                  ^^^^ not found in this scope
[INFO] [stdout]    |
[INFO] [stdout] help: consider importing one of these items
[INFO] [stdout]    |
[INFO] [stdout] 1  | use crate::app::Draw;
[INFO] [stdout]    |
[INFO] [stdout] 1  | use nannou::Draw;
[INFO] [stdout]    |
[INFO] [stdout] 1  | use nannou::app::Draw;
[INFO] [stdout]    |
[INFO] [stdout] 1  | use nannou::draw::properties::Draw;
[INFO] [stdout]    |
[INFO] [stdout] 
[INFO] [stdout] 
[INFO] [stdout] error[E0412]: cannot find type `Draw` in this scope
[INFO] [stdout]   --> examples/pendulum.rs:62:15
[INFO] [stdout]    |
[INFO] [stdout] 62 | fn bob(draw: &Draw, x: f32, y: f32, size: f32) {
[INFO] [stdout]    |               ^^^^ not found in this scope
[INFO] [stdout]    |
[INFO] [stdout] help: consider importing one of these items
[INFO] [stdout]    |
[INFO] [stdout] 1  | use crate::app::Draw;
[INFO] [stdout]    |
[INFO] [stdout] 1  | use nannou::Draw;
[INFO] [stdout]    |
[INFO] [stdout] 1  | use nannou::app::Draw;
[INFO] [stdout]    |
[INFO] [stdout] 1  | use nannou::draw::properties::Draw;
[INFO] [stdout]    |
[INFO] [stdout] 
[INFO] [stdout] 
[INFO] [stdout] warning: unused import: `sketches::captured_frame_path`
[INFO] [stdout]  --> examples/pendulum.rs:2:5
[INFO] [stdout]   |
[INFO] [stdout] 2 | use sketches::captured_frame_path;
[INFO] [stdout]   |     ^^^^^^^^^^^^^^^^^^^^^^^^^^^^^
[INFO] [stdout]   |
[INFO] [stdout]   = note: `#[warn(unused_imports)]` on by default
[INFO] [stdout] 
[INFO] [stdout] 
[INFO] [stdout] error[E0412]: cannot find type `Draw` in this scope
[INFO] [stdout]    --> examples/squares.rs:102:18
[INFO] [stdout]     |
[INFO] [stdout] 102 | fn square(draw: &Draw, position: Point2, rot: f32, col: Rgb<u8>) {
[INFO] [stdout]     |                  ^^^^ not found in this scope
[INFO] [stdout]     |
[INFO] [stdout] help: consider importing one of these items
[INFO] [stdout]     |
[INFO] [stdout] 4   | use crate::app::Draw;
[INFO] [stdout]     |
[INFO] [stdout] 4   | use nannou::Draw;
[INFO] [stdout]     |
[INFO] [stdout] 4   | use nannou::app::Draw;
[INFO] [stdout]     |
[INFO] [stdout] 4   | use nannou::draw::properties::Draw;
[INFO] [stdout]     |
[INFO] [stdout] 
[INFO] [stdout] 
[INFO] [stdout] warning: unused import: `sketches::captured_frame_path`
[INFO] [stdout]  --> examples/squares.rs:6:5
[INFO] [stdout]   |
[INFO] [stdout] 6 | use sketches::captured_frame_path;
[INFO] [stdout]   |     ^^^^^^^^^^^^^^^^^^^^^^^^^^^^^
[INFO] [stdout]   |
[INFO] [stdout]   = note: `#[warn(unused_imports)]` on by default
[INFO] [stdout] 
[INFO] [stdout] 
[INFO] [stdout] warning: 1 warning emitted
[INFO] [stdout] 
[INFO] [stdout] 
[INFO] [stdout] warning: 1 warning emitted
[INFO] [stdout] 
[INFO] [stdout] 
[INFO] [stdout] error: aborting due to 2 previous errors; 1 warning emitted
[INFO] [stdout] 
[INFO] [stdout] 
[INFO] [stdout] For more information about this error, try `rustc --explain E0412`.
[INFO] [stdout] 
[INFO] [stderr] error: could not compile `sketches`.
[INFO] [stderr] 
[INFO] [stderr] To learn more, run the command again with --verbose.
[INFO] [stderr] warning: build failed, waiting for other jobs to finish...
[INFO] [stdout] error: aborting due to 2 previous errors; 1 warning emitted
[INFO] [stdout] 
[INFO] [stdout] 
[INFO] [stdout] For more information about this error, try `rustc --explain E0412`.
[INFO] [stdout] 
[INFO] [stdout] error: aborting due to previous error
[INFO] [stdout] 
[INFO] [stdout] 
[INFO] [stdout] For more information about this error, try `rustc --explain E0412`.
[INFO] [stdout] 
[INFO] [stdout] error: aborting due to previous error; 1 warning emitted
[INFO] [stdout] 
[INFO] [stdout] 
[INFO] [stdout] For more information about this error, try `rustc --explain E0412`.
[INFO] [stdout] 
[INFO] [stderr] error: build failed
[INFO] running `Command { std: "docker" "inspect" "e820920755573cf7ffe7f539925127735d2518f3eb65745474f0a92d7217d8c5", kill_on_drop: false }`
[INFO] running `Command { std: "docker" "rm" "-f" "e820920755573cf7ffe7f539925127735d2518f3eb65745474f0a92d7217d8c5", kill_on_drop: false }`
[INFO] [stdout] e820920755573cf7ffe7f539925127735d2518f3eb65745474f0a92d7217d8c5
